21 - 93. Suppose 0 = 13*w - 1267 - q. Let h be -4 + 1 + 5 - (0 - w). Calculate the greatest common divisor of h and 13.
13
Let a be ((-8)/(-36) - (-28)/36)/((-163)/(-3912)). Let z be -2 + 4 - (1 + -599). What is the highest common factor of z and a?
24
Suppose 0 = 10*u - 5*u - 3*o - 198203, -2*u + 3*o = -79274. Calculate the highest common factor of 29 and u.
29
Suppose -4*q + 33 = 3*j + 58, -5*j + 2*q = 7. Let m be 825/3*(2 + -1). Let b be (m/j)/(-3 - 24/(-9)). Calculate the greatest common divisor of 25 and b.
25
Let t be (-1 - -4) + (-183)/61. Suppose 2*l - 10*x + 13*x - 118 = t, 0 = 5*l + 5*x - 290. Calculate the highest common factor of l and 42.
14
Let p be (55/11 + 2 + -1 - 5) + 36. Calculate the greatest common divisor of p and 2442.
37
Let f(h) = -4*h - 12. Let v be f(-4). Suppose 240 = v*i + 11*i. Calculate the highest common factor of 496 and i.
16
Let d be (-3)/((-21)/(-35)) + 7. Suppose -d*n = -5*n + 90. Calculate the highest common divisor of 20 and n.
10
Let o(t) = 6*t**2 + 140*t - 3332. Let v be o(22). Calculate the highest common divisor of v and 1224.
204
Let h be 35/3 - (-4)/(-6). Let t = -2487 - -3597. Let n = t + -1088. Calculate the greatest common factor of h and n.
11
Let t(l) = -421*l + 10685. Let q be t(5). What is the greatest common divisor of 650 and q?
130
Suppose 3*d - 19188 = -33*d. Suppose -13*m + d = -507. What is the highest common factor of 40 and m?
40
Suppose -16 = -2*o - 10. Suppose -4*g + 249 + 497 = 2*x, o = -3*x. What is the highest common divisor of 11 and g?
11
Let x be (-40)/3*(-93)/124. Let o(w) = 2*w**2 - w + 2. Let a be o(0). Let m be 55 - 8/a - 1. Calculate the highest common factor of m and x.
10
Suppose -102 - 1027 = -5*r + x, -3*x - 687 = -3*r. Calculate the highest common divisor of 15 and r.
15
Let p = 193 - 121. Suppose 0 = 11*d - 15*d + 396. Suppose d*a - 88 = 88*a. Calculate the greatest common divisor of p and a.
8
Suppose 11*b - 23 = -1. Suppose -3*z + 131 = 4*x, -3*x = b*x - 5*z - 120. Calculate the highest common factor of 377 and x.
29
Let c = -1404 + 1508. What is the highest common factor of 754 and c?
26
Let b = 891 + -411. Suppose 0 = j + q - 35, -5*j - 3*q + 96 = -69. Calculate the greatest common factor of j and b.
30
Suppose 4*w + 5*o - 14 - 53 = 0, -4*w + 3*o + 107 = 0. Suppose -3*g - 564 = -3*l, g = -4*l - 3*g + 720. Calculate the greatest common divisor of l and w.
23
Let t = -5007 - -5070. Calculate the highest common divisor of 2373 and t.
21
Let b(k) = 7*k - 20. Let j be b(3). Suppose v + 5*a - 13 = 0, 14*a = 2*v + 15*a - 26. Calculate the greatest common divisor of j and v.
1
Suppose -4*f = 4, -2*f - 586 = -13*x + 9*x. Calculate the greatest common factor of 73 and x.
73
Let y = -18 - -46. Let d(s) = -s**2 - 8*s + 558. Let l be d(10). Calculate the highest common factor of y and l.
14
Suppose 5*l = -u + 55, -3*u - 110 = -5*u + 2*l. Suppose -1210 - 385 = -39*n - 308. Calculate the greatest common factor of u and n.
11
Suppose 4*w - x - 5 = 5*w, w - 15 = 4*x. Let c be 264/40 + w + (-2)/(-5). What is the highest common divisor of c and 30?
6
Let y be -7406*2*(-120)/70. What is the greatest common factor of 32 and y?
16
Let g(r) = r**3 - 15*r**2 - 18*r + 22. Let c be g(16). Let y be c/6*(-3 - 3). Let n be y/(-30) - (-571)/3. Calculate the greatest common factor of n and 38.
38
Let l(z) = -z**2 + 15*z - 12. Let o be l(8). Suppose 80*t - 1836 + 821 = 1625. What is the highest common divisor of t and o?
11
Suppose -7*b = -2*b - 16*b + 429. Calculate the highest common divisor of 8385 and b.
39
Let b(g) = g**3 - 5*g**2 - 85*g + 34. Let k be b(-6). What is the greatest common factor of k and 4625?
37
Suppose 0*y + 39 = -y. Let n = y - -76. Suppose n*t - 520 = 33*t. What is the highest common factor of t and 52?
26
Let a = 77730 - 54825. Calculate the highest common factor of a and 15.
15
Suppose -4*y = 5*j - 1085, 4*j - 180 = 2*y - 690. Calculate the greatest common divisor of y and 33125.
265
Let y = -12 + 12. Suppose 12*q - 279 - 261 = y. Calculate the greatest common divisor of 63 and q.
9
Let k be 8/(-2)*(-2)/4. Suppose -3*r = k*l - 20, 7*r - 24 = 4*r - 3*l. Calculate the highest common divisor of r and 4.
4
Suppose 146 = -x + 197. Let b = x + 82. Calculate the greatest common divisor of b and 19.
19
Let f be (-4660)/233 - (-2553 + -2). Calculate the greatest common factor of f and 156.
39
Let y be 1/(-2)*-85*7*4. What is the greatest common factor of 280 and y?
70
Let u be 4 - -93 - (-7 - -19). Calculate the greatest common divisor of u and 2295.
85
Let c = 604 - 602. Let n be 3/c*((-800)/(-24) - 4). What is the greatest common factor of 4 and n?
4
Let n(m) = 7*m**3 - 13*m + 26. Let o = -308 + 313. Let q be n(o). Calculate the greatest common divisor of q and 44.
44
Let h(t) = t**3 - 27*t**2 + 2. Let m be h(27). Let g(w) = 17*w**3 - w**2 - 2. Let k be g(m). Calculate the highest common divisor of 40 and k.
10
Suppose k = -3*f + 184, 2*f + 4 = 12. Let b = 198 - k. Let c be 1 - (-2 + 1 - 11). What is the greatest common divisor of b and c?
13
Let r(g) = -808*g - 1360. Let p be r(-17). What is the greatest common factor of p and 34?
34
Suppose 2*a - 10*p - 18478 = 0, -50*a + 47*a - p = -27845. What is the greatest common divisor of a and 9?
9
Let a(v) = -v**3 + 23*v**2 - 11. Let u(t) = t**3 + t**2 - t + 2. Let g(o) = -a(o) + u(o). Let b be g(11). Calculate the greatest common divisor of 1 and b.
1
Let d(j) = 143*j**2 - 4*j - 3. Let a be d(-4). What is the highest common divisor of a and 3?
3
Suppose -4*w = 2*o - 258, -w + 78*o + 78 = 83*o. Calculate the highest common divisor of w and 18.
9
Suppose 5*z = -104 - 171. Let k be (37 + z)*(0 + -2). What is the highest common divisor of 4 and k?
4
Suppose h - m - 12 = 0, -h - 13*m = -15*m - 6. What is the greatest common divisor of h and 1188?
18
Let h be (6 + -24)/9*-1 - -2. Calculate the highest common factor of h and 3000.
4
Let z be 12/(-28)*-4 - 2/(-7). Suppose 4*x + 68 = z*m, -8*m + 4*m - 5*x = -84. Calculate the greatest common divisor of m and 39.
13
Let r be 5/(-1*(-3)/114). Let b be r/25 - 2/(-5). Let g be (4/b)/((-4)/(-72)). What is the highest common divisor of g and 9?
9
Let p be (6/15 - (-216)/10) + -2. Let a = p - 18. Suppose x - a*w = 24, -3*x = -x + 4*w - 80. Calculate the greatest common divisor of x and 8.
8
Let k = -3181 - -3307. What is the highest common factor of k and 2226?
42
Let p(l) = -l + 12. Let c be p(7). Suppose -c*f + 279 = 2*d, 0 = -3*f + d - 2*d + 167. Let b = 19 - 14. Calculate the highest common factor of b and f.
5
Suppose -309 + 340 = 2*v + 3*k, 52 = 4*v - 4*k. Let h(j) = -j**2 + 5*j + 1. Let f be h(3). What is the highest common factor of v and f?
7
Let f = -36 - -41. Suppose f*c = 2*u + 1178, -4*c - u = -2*u - 940. Calculate the greatest common factor of c and 18.
18
Let z be 426/24 + (-45)/(-20). What is the highest common factor of 212 and z?
4
Let r be (-6 + 0)*(1 - 4). Suppose 0 = -2*a + 72*a - 140. What is the greatest common divisor of r and a?
2
Let n(i) = -89*i**3 + 9*i**2 + 12*i + 13. Let b be n(-3). What is the greatest common factor of 214 and b?
107
Suppose -r + 379 = 5*s, 450*r + 4*s - 1979 = 445*r. Calculate the greatest common factor of 84 and r.
21
Let g = 10 - 7. Suppose 0*d - 4*u = 5*d - 20, -5*u = -3*d - 25. Suppose -4*a = -4 - d. Calculate the greatest common divisor of a and g.
1
Let x(j) = 5*j + 5. Let w be x(8). Suppose -10*y - 487 = -117. Let c = w + y. Calculate the highest common factor of c and 8.
8
Let i be (-19)/57 + 7/3. Let l = -17 + 12. Let n = l - -6. Calculate the greatest common factor of i and n.
1
Let n be 28 - -145 - 9*-1. Suppose 170 = 22*q - n. Suppose c = -2*r + 172, -460 - 416 = -5*c - 2*r. Calculate the greatest common factor of c and q.
16
Let a(f) = 2*f**2 + 3*f + 1. Let j be a(-3). Let h = -308 + 468. Suppose m - h = -3*m. What is the highest common factor of j and m?
10
Suppose -11*k - 1930 = -k. Let z = k + 321. Let s(r) = r**3 + r**2 + r + 16. Let o be s(0). What is the highest common divisor of o and z?
16
Let y = -524 - -530. Suppose y*a + 103 - 109 = 0. What is the greatest common divisor of a and 73?
1
Suppose -230*k = -219*k - 47949. What is the greatest common factor of 3 and k?
3
Suppose 2*q - 4*a - 673 = 179, 5*q + a - 2119 = 0. Le